s z(20)?
14
Let l(d) = 3*d**2 + 54*d + 57. Determine l(-17).
6
Let q(v) = -2*v**3 + v**2 - 3*v - 2. Determine q(-2).
24
Let d(w) = 20*w**2 - 1. What is d(-1)?
19
Let r(h) = -29*h**2 + 5*h + 4. What is r(-1)?
-30
Let h(s) = -s**3 + 8*s**2 + 4*s - 15. Calculate h(8).
17
Let f(a) = 5*a**3 + a**2 + 2*a. What is f(-2)?
-40
Let v(o) = o - 5. Give v(12).
7
Let y(h) = -13*h**3 + 4*h + 1. Give y(2).
-95
Let c(q) = -7*q - 5. What is c(-8)?
51
Let p(a) = 5*a + 14. Give p(-7).
-21
Let n(m) = m**3 + 5*m**2 - 89*m - 62. Give n(-12).
-2
Let v(f) = 64*f - 40. Give v(-3).
-232
Let b(y) = y**2 + 20*y + 27. Determine b(-11).
-72
Let x(q) = -q**3 - 8*q**2 - 6*q + 11. What is x(-7)?
4
Let y(s) = -s**3 - 7*s**2 - 7*s - 9. Calculate y(-6).
-3
Let k(m) = m**2 - 19*m - 25. Determine k(20).
-5
Let v(m) = 11*m - 78. Determine v(7).
-1
Let x(f) = 2*f**2 - 27*f + 88. Calculate x(9).
7
Let a(n) = n**3 - 5*n + 9. Calculate a(2).
7
Let o(h) = -5*h + 9. What is o(1)?
4
Let b(a) = -12*a + 22. Determine b(4).
-26
Let f(m) = m**3 - 13*m**2 + 13*m + 17. Determine f(12).
29
Let g(u) = 8*u - 8. Calculate g(-3).
-32
Let c(x) = 10*x - 1. Give c(4).
39
Let l(f) = f**2 + 11*f + 9. What is l(-8)?
-15
Let f(i) = 4*i - 4. Give f(5).
16
Let c(u) = 6*u**2 - 12*u + 9. Determine c(4).
57
Let p(s) = -s**2 - 23*s + 46. What is p(-25)?
-4
Let g(p) = p**3 + 42*p**2 + 3*p + 140. Calculate g(-42).
14
Let v(t) = t**2 - 12*t + 22. Calculate v(9).
-5
Let a(h) = 24*h + 1. Determine a(-1).
-23
Let u(m) = m**3 + 2*m**2 + 2*m + 7. What is u(-3)?
-8
Let m(b) = b**2 + 3*b + 4. Determine m(-4).
8
Let i(j) = -2*j**3 + 2*j**2 + 3*j - 22. What is i(0)?
-22
Let x(t) = t**3 - 5*t**2 + 6*t + 7. Give x(-3).
-83
Let y(v) = -98*v + 7. Give y(1).
-91
Let i(p) = p**3 - 16*p**2 + 13*p + 8. Determine i(15).
-22
Let k(c) = -3*c**2 - 2*c + 2. Calculate k(2).
-14
Let h(z) = z**3 - 5*z**2 - z + 3. Determine h(4).
-17
Let x(w) = w - 25. What is x(14)?
-11
Let r(a) = a**3 + a - 9. Give r(0).
-9
Let q(t) = t**3 + 7*t**2 - t + 3. Calculate q(-7).
10
Let d(u) = u**3 + 4*u**2 - 5*u - 3. Give d(-5).
-3
Let n(p) = -p - 9. What is n(3)?
-12
Let t(p) = -2*p**2 - 5*p - 6. Give t(-6).
-48
Let g(s) = -s**2 + s + 24. What is g(-4)?
4
Let q(u) = -u + 5. Determine q(-10).
15
Let v(i) = -i**3 + 7*i**2 + 2*i - 17. What is v(7)?
-3
Let g(i) = i**2 - 7*i + 10. What is g(6)?
4
Let k(i) = -4*i - 13. Calculate k(-4).
3
Let k(c) = c**3 - 6*c**2 - 9*c + 4. Calculate k(6).
-50
Let d(t) = t**2 - 20*t - 11. Calculate d(21).
10
Let q(y) = 3*y - 20. What is q(11)?
13
Let n(b) = -b**2 - 14*b - 20. Give n(-13).
-7
Let b(k) = 17*k**3 + 2*k**2 + k. Give b(-1).
-16
Let h(z) = -z**2 + 12*z - 2. Give h(13).
-15
Let g(w) = -w**3 - 7*w**2 + 8*w + 8. Determine g(-7).
-48
Let w(k) = k**3 - 12*k**2 + 5. Calculate w(12).
5
Let t(r) = 3*r**2 + 2*r + 6. Determine t(-2).
14
Let h(q) = 10*q + 198. What is h(-18)?
18
Let l(z) = -12*z + 93. Calculate l(8).
-3
Let k(w) = 2*w**2 - 15*w + 11. Calculate k(8).
19
Let s(p) = p**3 - 4*p**2 + 5*p - 5. What is s(3)?
1
Let q(t) = -51*t + 149. Determine q(3).
-4
Let j(z) = 4*z - 119. Calculate j(29).
-3
Let d(k) = -k**3 - 19*k**2 - 39*k - 83. Give d(-17).
2
Let m(c) = -c - 28. Determine m(14).
-42
Let m(p) = -p + 9. Calculate m(3).
6
Let n(y) = -27*y - 344. Determine n(-13).
7
Let a(w) = 5*w**3 + 2*w**2 - 1. Determine a(-1).
-4
Let n(j) = -3*j**2 - 7*j - 9. What is n(-4)?
-29
Let u(s) = -s**3 - 12*s**2 - 12*s + 5. Determine u(-11).
16
Let j(c) = -7*c + 71. Determine j(20).
-69
Let p(n) = -n**3 + 20*n**2 - n - 6. Give p(20).
-26
Let k(b) = 2*b**3 - 6*b**2 + 4*b - 13. Give k(3).
-1
Let q(o) = -o**3 - 4*o**2 + 3*o + 5. Determine q(-4).
-7
Let t(i) = i + 7. Calculate t(-18).
-11
Let a(n) = 3*n - 13. Determine a(-13).
-52
Let g(w) = 2*w**2 - 18*w + 11. Give g(8).
-5
Let r(u) = 8*u**2 + 3*u. Give r(-2).
26
Let d(k) = -10*k**3 - k**2 - 4*k - 3. Determine d(-1).
10
Let v(u) = -u + 8. What is v(4)?
4
Let j(q) = -q**3 + 8*q**2 - 8*q + 1. Calculate j(7).
-6
Let u(j) = 7*j**2 - j + 1. What is u(2)?
27
Let x(t) = 35*t**3 - 2*t + 1. What is x(1)?
34
Let k(p) = -11*p + 11. Calculate k(-5).
66
Let p(r) = r**2 - 13*r - 3. What is p(14)?
11
Let a(v) = v**3 + 11*v**2 + 12*v - 4. Determine a(-9).
50
Let o(i) = i**2 - 16*i + 20. Calculate o(15).
5
Let d(r) = -r + 22. What is d(11)?
11
Let q(z) = 68*z + 758. Calculate q(-11).
10
Let d(j) = -j**3 + 4*j - 5. Give d(2).
-5
Let c(m) = m**3 + 20*m**2 + 35*m - 18. Give c(-18).
0
Let o(h) = h**2 - 6*h + 8. Determine o(3).
-1
Let m(o) = 8*o**3 - 1. Determine m(1).
7
Let r(c) = -c + 31. Give r(23).
8
Let w(u) = -u + 3. Determine w(-6).
9
Let f(q) = -3*q**2 + 22*q - 7. Calculate f(7).
0
Let r(g) = g**3 - 16*g**2 + g + 6. Determine r(16).
22
Let o(b) = -b**3 + 10*b**2 - 10*b - 12. What is o(9)?
-21
Let z(c) = -2*c**2 + 15*c + 20. Calculate z(10).
-30
Let g(u) = u**3 - 5*u**2 - 4*u + 9. What is g(5)?
-11
Let q(z) = -374*z - 1875. Determine q(-5).
-5
Let q(k) = -k**2 - 2*k + 4. Determine q(-7).
-31
Let t(j) = 3*j**3 - 2*j**2 - 2*j + 3. Calculate t(2).
15
Let c(s) = s**3 + 13*s**2 + 12*s. What is c(-12)?
0
Let j(h) = -h**3 + 2*h**2 + h. Calculate j(2).
2
Let t(b) = 2*b**2 - 12*b. Determine t(5).
-10
Let z(g) = -g**2 - 6*g + 4. What is z(-5)?
9
Let c(l) = 4*l**2 + 8*l + 10. Calculate c(-4).
42
Let g(w) = 8*w - 1. Give g(1).
7
Let i(p) = -p**3 + 13*p**2 - 21*p - 8. Give i(11).
3
Let i(t) = -2*t**3 - 4*t**2 + 2*t - 5. What is i(-4)?
51
Let n(y) = -y**2 - 18*y - 57. Determine n(-15).
-12
Let b(t) = t**2 + 5*t - 5. What is b(-6)?
1
Let g(m) = m**3 + 3*m**2 - 11*m. Calculate g(-5).
5
Let v(f) = -13*f**3 - 2*f**2 - 2*f - 2. What is v(-2)?
98
Let a(i) = i**3 - 5*i**2 + 8*i - 22. What is a(5)?
18
Let k(w) = -w**3 - 13*w**2 - 12*w - 5. Calculate k(-12).
-5
Let g(z) = -z**3 + 9*z**2 + 4*z - 14. Calculate g(10).
-74
Let y(k) = -6*k - 9. Give y(-5).
21
Let i(b) = 6*b**2 + 11*b - 27. Calculate i(2).
19
Let h(s) = 6*s**2 + s. Calculate h(-1).
5
Let l(w) = -5*w + 117. What is l(24)?
-3
Let t(m) = 39*m + 31. Determine t(0).
31
Let j(l) = -l**3 - 4*l**2 - 6*l - 23. Give j(-4).
1
Let d(a) = a**2 + 19*a + 3. Determine d(-19).
3
Let t(d) = d**3 - 9*d + 5. Calculate t(-4).
-23
Let j(c) = c**2 - 5*c - 13. Give j(12).
71
Let b(d) = 8*d - 484. Calculate b(61).
4
Let x(c) = c**3 - 4*c. What is x(-3)?
-15
Let x(p) = 20*p - 10. What is x(1)?
10
Let q(f) = 4*f**2 - 52*f + 8. Determine q(13).
8
Let m(c) = 43*c + 266. Give m(-6).
8
Let v(i) = i**2 + 14*i + 40. Determine v(-5).
-5
Let y(h) = -h - 10. Determine y(-10).
0
Let b(p) = p**2 + 2*p + 6. Calculate b(6).
54
Let f(j) = 9*j - 1. Calculate f(-1).
-10
Let w(z) = z**2 - 14*z + 4. Give w(14).
4
Let s(w) = w - 9. Give s(-9).
-18
Let c(j) = -16*j + 100. Determine c(5).
20
Let u(y) = -4*y**2 + 47*y + 14. Determine u(12).
2
Let q(d) = 113*d - 334. Calculate q(3).
5
Let t(y) = 8*y - 10. What is t(-13)?
-114
Let j(o) = 3*o**2 + 56*o - 26. Give j(-19).
-7
Let x(j) = -3*j - 7. Give x(-3).
2
Let m(y) = -2*y**3 + 14*y**2 - 13*y + 4. Determine m(6).
-2
Let v(j) = 2*j + 8. Calculate v(-10).
-12
Let b(j) = -j**3 - 12*j**2 + 27*j - 3. Give b(-14).
11
Let a(i) = i**2 + 11*i + 6. Give a(-11).
6
Let v(j) = j**3 + 17*j**2 - 21*j + 3. Calculate v(-18).
57
Let h(z) = 4*z - 19. What is h(-10)?
-59
Let w(m) = -46*m + 3. What is w(-1)?
49
Let s(p) = -2*p - 4. Calculate s(-2).
0
Let r(i) = -5*i + 81. Give r(19).
-14
Let a(k) = -2*k**2 + 7*k + 6. Determine a(4).
2
Let h(t) = -t**3 - 5*t**2 - 4*t + 2. Determine h(-5).
22
Let p(o) = -15*o**3 + o**2 + 2. What is p(-2)?
126
Let m(h) = h**2 - 12*h + 6. Calculate m(12).
6
Let l(u) = u**3 + 2*u**2 + 9*u - 19. What is l(4)?
113
Let a(l) = -7*l - 11. What is a(-3)?
10
Let r(m) = -6*m**3 - 3*m**2 + 3*m - 1. Give r(1).
-7
Let d(m) = 2*m**2 + 17*m + 1. What is d(-9)?
10
Let n(l) = -7*l + 14. What is n(3)?
-7
Let v(x) = -2*x - 44. Calculate v(-24).
4
Let q(s) = s**2 + 5*s - 32. Give q(-9).
4
Let q(n) = -4*n**2 - 15. Calculate q(-4).
-79
Let j(z) = 24*z - 4. Give j(1).
20
Let q(w) = w**3 - 11*w**2 - 7*w - 44. Give q(10).
-214
Let l(m) = -m**2 + 36*m - 45. Give l(32).
83
Let v(i) = 3*i - 13. Give v(6).
5
Let f(w) = -w**3 - 19*w**2 + w + 30. Give f(-19).
11
Let i(p) = -6*p + 69. What is i(12)?
-3
Let v(a) = a**2 + 12*a + 1. Give v(-5).
-34
Let j(h) = -h**2 - 4*h - 1. Calculate j(-3).